Calculate (28 - 22 - 177) + -5 - -41.
-135
Calculate -6 + -60 + 3 + -37 + 9 + 16.
-75
What is the value of 2 + (1 - -1 - 0) - (-75 + 194 + -29)?
-86
Calculate (3 + 3 - 6 - -55) + (8 + -9 - -2).
56
12 + -13 - ((-8 - -1) + (-21 - (31 + 6)))
64
What is the value of (-92 + 14 + -1 - 0) + (-5 - -6)?
-78
Evaluate (-12 - 2) + -18 - (19 - 114).
63
Calculate -52 - ((10 - (3 - -7)) + 10 - 18) - 11.
-55
What is (6 - (7 - ((-5 - -6) + -5))) + (43 - 57)?
-19
-79 + -11 + (5 - -63)
-22
(-6 - -35 - (15 + 8)) + -54
-48
Calculate 40 + (-9 - -24 - 19) + -18.
18
What is (-59 - 1) + (79 - 88) + 9 + -2?
-62
What is -12 + -2 - -100 - 53?
33
Calculate -16 - (-43 + 46) - -32.
13
Calculate (-2 - 61) + (-36 - (-50 + -1 + 32)).
-80
11 + -31 + -27 + 105 + -41
17
Calculate 67 + (-16 - -25) + 16 + -39.
53
What is the value of -287 + 171 - -142 - (19 + 2)?
5
What is the value of -32 - (9 + 6 + -11 + -3 + 8 + -3)?
-38
Evaluate -3 - (-21 - -4) - (17 + -11 + -52 - 17).
77
What is (-28 - -1) + 1279 + -1293?
-41
What is the value of 36 + -1 + (-74 + -150 - -194)?
5
What is -5 - 2 - (47 - (92 + -63 + -14))?
-39
Evaluate -2 - (-3 + 4 + -7 + 0 + 47 + 24).
-67
Evaluate (-4 - 19) + 23 + (37 - 7 - 8).
22
-33 - (33 - 67 - (-24 + 10))
-13
Calculate 6 + (766 - 753) + (34 - -1).
54
Evaluate 23 - (-89 - (-123 + 68)).
57
Calculate -2 + 1 + 1 + (5107 - 5185) + -21 + 17.
-82
Calculate (82 - 76) + -1 + -3 + 16 + -7.
11
What is the value of (-106 + 115 - (17 + 1)) + -2?
-11
Calculate -2 - (-41 + -60 + 60).
39
What is the value of (-2 + 1 + 2 - -86) + (13 - 83) + 69?
86
What is -46 + 149 - 119 - (29 - -2)?
-47
Calculate 42 + 8 + -17 + -12 + -18 + 0.
3
What is the value of 37 + 70 - 62 - 32?
13
3 - 20 - -30 - (2 - (9 - 2))
18
What is -119 + -9 + 1192 + -1079?
-15
What is the value of -30 + 2 - -34 - (30 + 8)?
-32
-15 - -2 - ((-8 - (-6 + -10)) + 2)
-23
(-38 - 3) + (-307 - -384)
36
What is the value of -40 + 47 + (33 - 0 - (-5 + 1 - -3))?
41
Calculate 0 + -17 - ((-4 - 8) + (-9 - -18) + -8).
-6
What is 44 - (-24 + (32 - -11))?
25
What is the value of -6 + 8 + -11 + 35 + 22?
48
What is the value of 5 + -19 + 16 + -13 - (-38 + (3 - 1))?
25
What is -4 + (-1 - 1) + 8 + -2 - -45?
45
What is the value of (8 - -5 - 23) + (9 - 8 - (0 + 0))?
-9
70 - (-11 - ((-6 + -3 - 1) + 5))
76
Evaluate (-1 - 5) + (28 - (59 + 0)) + 23.
-14
What is -3 - -1 - ((11 - 10 - 6) + -26 - -9)?
20
Evaluate -45 + (-180 - -190 - (-1 + -5)) + -8.
-37
What is the value of -4 - (-1 + 7) - ((-87 - -37) + 38)?
2
Calculate (6 + -7 - -3) + -32 + 32 - (0 - -119).
-117
What is -15 - (51 + -19) - -50?
3
What is the value of (69 - (70 + -27)) + (-6 - 2)?
18
-12 - 2 - (-34 + 29) - (12 - 7 - -3)
-17
Calculate (-124 - -3) + -3658 + 3753.
-26
What is (-174 - -160) + (3 + 2 + -1 - -34)?
24
Evaluate -43 - (9 + -33 + -32).
13
Evaluate -13 + (96 - (-3 + (1 - -3) + -18 + 21)).
79
Evaluate 1 - 84 - (-22156 + 22015).
58
What is the value of 27 + (1 - -12) + 18 + -22?
36
What is -9 - (-48 + -64 + 142)?
-39
Evaluate 1 - (-1 - (-1 - 1)) - (-329 - -297).
32
What is the value of 0 + 13 - (-51 - (-12 + (72 - 32)))?
92
(-11 - -10) + 10 + -5 + 61
65
-12 + -5 + (-60 - -76) - -1
0
What is -4 - 91 - (-71 + -15 - -69)?
-78
Calculate 54 - (145 - (83 + -6)).
-14
Evaluate 22 + (51 - (123 + 62)).
-112
What is the value of (-39 - -21) + -17 + 0?
-35
Evaluate -442 - -446 - (49 + -1).
-44
Evaluate 86 + (-24 - (11 - (69 - 34))).
86
-35 - (21 - (-63 + 134))
15
Evaluate 6 + -6 + 56 + -5 + 6 + 28 + -18.
67
What is 10 - 40 - -3 - -13 - (-1 + 15)?
-28
Evaluate 1 + -15 - (295 - 296).
-13
Evaluate (12 - -1) + (24 - (35 - 4)) - -7.
13
What is the value of -223 + 239 - (110 - 50)?
-44
Evaluate (-1 - (-14 - -20 - -1)) + -1 + (-38 - 3).
-50
What is 7 + 0 + (216 - 243) - (-2 - 128)?
110
Evaluate 10 - (17 - (-9 + (4 - -2))).
-10
(9 - 18) + -253 + 247
-15
14 + (1 - 14) + -4 - (47 + (-5 - -6))
-51
Evaluate 18 + (-12 - 0) + 17 + -54.
-31
What is the value of 22 + -59 + -1 + 56?
18
What is 45 + (6 - (-7 + 2)) + (-56 - -40)?
40
Calculate (2 + -2 - 5) + (270 + 11 - 239).
37
Evaluate (9 - 20 - -32) + -3 + 5 + -5.
18
242 + -209 + (-2 - 53)
-22
Calculate 56 - 81 - (3 + 46) - -19.
-55
What is the value of (38 + -23 - (4 - 0 - 4)) + (-37 - 1)?
-23
What is (-25 - -37 - -19) + -24 - 22?
-15
Evaluate (2 - -27) + (-31 - (3 - 12 - 9)) - -11.
27
What is -2 - (-31 - (-26 + -7)) - (74 + 1 + -3)?
-76
Calculate 3 - (3 + -4 + (-41 - -1)).
44
What is the value of 0 + (-6 - -2) - (-1 + 73 - (184 + -162))?
-54
Evaluate -148 - -60 - -135 - -51.
98
Calculate -7 + 5 + 0 + 0 + -40 + 0.
-42
-1 - 7 - (24 + (-35 - (-2 + -17 + 24)))
8
What is -9 - -8 - 0 - -23 - (-126 - -134)?
14
Calculate -201 - (-39 + 19 + -97).
-84
What is the value of (152 - (69 - -50)) + (5 - 55)?
-17
-7 + (-8 - 0 - (129 - 113)) - 11
-42
What is 47 + -38 + (-9 - (-18 - -5)) + (-62 - 0)?
-49
What is the value of 3 + 3 + 3 + 3 + -47 + 77?
42
What is the value of 82 - ((-105 - -118) + (-9 + -4 - 5))?
87
15 + 0 + -77 + 77 + -55
-40
What is the value of 5 + (-20 - (-2 - 11)) + 18?
16
What is 34 - (-9 + (-3 - -2) - (-26 + 67 + -61))?
24
63 + -266 + 57 + 51
-95
-18 + 44 + -1 + -5 - -18
38
What is the value of -13 - (8 - (5 - -11 - 4)) - (-60 + 0)?
51
Evaluate 5 + -3 + -14 + 129 + -74.
43
14 + -26 + (-91 - 5) + (1 + 4 - -4)
-99
What is (-4 - (-1 - -1)) + 12 + (-12 - -14)?
10
Evaluate 259 + -59 - 100 - 0.
100
18 + (1 + (0 - 2) - (20 + -14))
11
-2 + -17 + (75 - 76)
-20
Evaluate 2 + -2 + -3 + -100 + 79 - -14.
-10
What is the value of 13 - (-8 - (-4 - 8) - -24)?
-15
2 - ((58 - 62) + 20)
-14
What is the value of (24 - 19) + -23 - (-12 - -20 - -9)?
-35
What is the value of 3 + (-7 - (-5 + 2 + 8)) + -16 + -42?
-67
Calculate -8 - (57 + -15 + -7 + 24).
-67
What is -6 - ((3 - 10) + 23)?
-22
176 - 163 - (0 + -1 - (2 + -18))
-2
4 + -13 - (29 - 60 - -17)
5
What is the value of 48 - (-116 + 88 + 117)?
-41
What is the value of 21 + (75 - 59) - 66?
-29
-35 + 16 - -25 - (32 - (-3 + 4))
-25
Evaluate (2 - (-1 - 6)) + (6 + -17 - 19).
-21
What is the value of (9 - -4 - 50) + 43 + 0 + 0 + -54?
-48
What is (10 + 31 - -2) + (-94 - -85)?
34
-7 + -1 + (2 + 1 - 2 - (120 + -117))
-10
Evaluate -15 + (7 - (-9 + 14 - -12) - 57).
-82
What is the value of 144 + -8 - 0 - (-1437 - -1459)?
114
Calculate 123 + -129 - ((-3 - -1) + -42 - (-7 - -2)).
33
-29808 + 29747 + -1 + 92
30
Evaluate -7 + 10 + -5 - (84 + -68).
-18
-2 + 9 - (52 + 27) - (-1 + -6)
-65
Calculate -1 - -4 - (37 - (53 + (10 - 70))).
-41
What is the value of -6 + -5 + 0 + (-28 - (-22 - 16)) + -64?
-65
Calculate 152 + -1 + -23 + (11 - 12 - -11) - 16.
122
What is 72 - (45 - (-70 - -143))?
100
Calculate -29 - ((8 - (-34 - -16)) + -2 + -14).
-39
Calculate 11 + 3 + (108 - 107) + 35 + -152.
-102
What is the value of 15 + -6 + 3 + -197 + 182 + 4?
1
Calculate (21 - (-1 + (0 - -13)) - (8 - -1)) + -8.
-8
What is (0 - (2 + 13)) + (-49 - (49 + -172))?
59
What is the value of -6 + -19 - (-322 - -231)?
66
What is the value of -21 - ((14 - 28) + -3 + (16 - 6))?
-14
What is the value of -9 + 27 + -16 + 21?
23
Evaluate 1533 + -1475 - (1 - (-1 + -16)).
40
-18 + (21 - (-24 + 24) - 27)
-24
What is the value of 6 - (18 + -12 + -6 + 11) - 28?
-33
Calculate -15 + 89 + (-27 - (9 - 34)).
72
Evaluate -5 + (-12 - 11) + (0 - 6) + (45 - 53).
-42
42 + -42 + 56 + -58
-2
What is (-7 - -22) + 8 + 66 + -11 - 14?
64
What is (-16 - (-40 + 20 - -7)) + (-3 - -5)?
-1
Evaluate 275 - (38 + -31 + 141).
127
Evaluate -61 + 42 + 25 + -11 + 0 + 1 + -26.
-30
What is 15 - -1 - (-117 - -168 - 75)?
40
Evaluate -2 - (-20 + (18 - -29 - 11)).
-18
What is (-11 - 1) + (11 - (5 + 25 - 16)) + 155?
140
-18 - 9 - ((5 - -3) + -32)
-3
Calculate -99 + 2 - (-4 - (-8 - 5 - (10 - 6))).
-110
Calculate -8 + (9 - -189) + -77.
113
Calculate -2 + 5 + -4 + 62 - (-10 - (-5 + -14)).
52
Evaluate 76 - (114 + (-56 - 42)).
60
-12 + (355 + -348 - (3 + -1 - -15))
-22
Evaluate 527 + -372 - (-8 - -213).
-50
Calculate 0 - 2 - -10 - (-42 - (-44 - (-26 - -6))).
26
Calculate 10 + 25 + 6 + -20 - 13.
8
Evaluate 217 - (117 + -110 - -63).
147
Evaluate 32 - 28 - (1 - -5) - (35 + 20 + -1).
-56
What is (-52 - (-39 + 48 + -26)) + 10?
-25
What is the value of 3 + -11 - (-22 + 16 - (3 + -1 - 24))?
-24
What is the value of -101 + 82 + -99 + 131?
13
-11 + ((-8 - 12) + 18 - -24) - (-2 + 32)
-19
What is -6 + 1 + 4 + 22 + -12